 -6) + 10 + -5?
7
-3 + 3 + -1 + 2 - 1
0
-21 + 3 + 7 + 4
-7
What is 4 - 0 - (12 + -4)?
-4
What is the value of 2 + -2 - (-2 + 3) - -2?
1
1 - (4 + 1 + -1)
-3
Calculate -13 + 5 + -10 + 12.
-6
What is the value of -13 + (9 - (-3 + 5 + 1))?
-7
What is -11 - -8 - -2 - 3?
-4
Evaluate (8 - 3) + (1 - 6).
0
(1 - 7) + 14 + -3
5
3 - (4 - 10) - 12
-3
Calculate -3 + (-5 - -7) + 9.
8
What is the value of (1 - -1) + 0 - 5?
-3
Calculate 19 - (24 + -12) - (-3 + 1).
9
What is -13 + (-7 - (-8 - 6)) - 1?
-7
8 + (4 - 7) + -3
2
Evaluate -3 - 2 - (0 + 4 + -5).
-4
Evaluate (5 - (5 - 1)) + (0 - 0).
1
What is (13 - 4) + -5 + -2?
2
What is 1 - 3 - (-142 - -138)?
2
5 - (-7 + 5 - 4 - -10)
1
What is (4 - (3 - 2)) + -6 + 0?
-3
What is 4 + 1 + -1 + -2 + -1?
1
0 + (-2 - 0) + 2 + -1
-1
Evaluate (5 - 1 - -2) + 6 + -7.
5
Calculate (21 - 14) + -5 + -1 + -2.
-1
1 + -4 + -4 + -3
-10
Evaluate 5 + -6 + -8 + 9.
0
Calculate 2 - 10 - (-38 + 39).
-9
What is the value of 26 - 31 - (-2 - -1 - 1)?
-3
What is -2 + 2 + -2 + 4 + 3?
5
Evaluate (-2 - -1) + 5 - (8 - 6).
2
What is the value of -6 + (-2 + -3 - -7)?
-4
1 - (1 - (7 + -4) - -8)
-5
What is 2 + 0 + 3 + -4 + 1?
2
What is -4 + 1 + 2 + 2 - 2?
-1
Evaluate 5 + -6 + -3 + 6.
2
What is the value of -8 + -4 + -9 + 16 + -1?
-6
Calculate (9 + -14 - -7) + (13 - 4).
11
Calculate -8 - (-3 - (-2 - (-4 + 0))).
-3
Calculate -1 - (-5 + (-2 + 2 - -2)).
2
What is 8 + 4 + (1 + -1 - 8)?
4
What is -18 + 21 - (1 + 1)?
1
What is the value of (-2 - -1) + -7 + 3?
-5
Evaluate 2 + (2 - (1 + 2)).
1
What is -5 - (-1 + 1 + 1 + -4)?
-2
Evaluate -5 + 12 + 2 + -4.
5
(0 - (15 - 8)) + 2
-5
What is the value of 6 - (1 + 6) - -6?
5
Calculate -2 - (-4 + 4 + -6).
4
What is 8 - (0 + 0) - 2 - 3?
3
What is 37 + -9 + -9 - 10?
9
What is the value of 4 + -3 + -4 - (-2 - -2)?
-3
Calculate -5 - -4 - (6 + -2 + -1).
-4
What is -4 + 4 + 5 + -6 + -3?
-4
Evaluate (15 - 7) + 3 + -4.
7
Calculate -2 - -11 - (0 - -9) - 5.
-5
Calculate -11 + 3 + -1 - -4.
-5
Evaluate -3 - (0 + (2 - 5)).
0
What is the value of -1 + (4 - 2 - (-2 - 1))?
4
Calculate -5 + 0 + (7 - -17) + -13.
6
Calculate 1 + (-16 + 11 - (-2 + -1)).
-1
What is the value of 10 + -13 - (-1 + 0)?
-2
What is 2 - (5 - (-2 + 3 - 0))?
-2
Evaluate (8 - (7 - 5)) + (-6 - -2).
2
(-6 - (-4 + -4)) + 0 - -5
7
5 + (-2 - 9) + 2
-4
What is the value of -27 - -21 - (-3 + 1 - -2)?
-6
Calculate -36 + 37 + (0 - -1) + -2.
0
What is the value of 2 + 2 - (-6 - (-9 - -4))?
5
What is the value of (1 - (5 - 1)) + 9 + -2?
4
What is the value of 2 + (-3 - -2 - -1)?
2
Evaluate -11 + 3 - (-2 + -3) - 5.
-8
What is (3 + -4 + 3 - -1) + -5?
-2
3 + 3 + -8 - -2
0
What is the value of -2 + -3 + -3 + 5 + 6?
3
Evaluate -1 + 3 + -29 + 24.
-3
Evaluate -6 - (-28 + 14) - 7.
1
Evaluate -1 + 5 + 10 + -10.
4
Calculate (-2 - 0) + -8 + (-20 - -24).
-6
What is (0 - 2) + (-3 - -6 - 3)?
-2
What is the value of -6 + 12 + 2 + -11?
-3
-1 + 1 + 0 + 1 + -2
-1
Calculate 2 - (4 - 6) - 2.
2
What is the value of 1 - -1 - -1 - 3?
0
What is the value of 3 + (-4 - 2) + 2?
-1
-9 + 0 - -19 - 12
-2
What is (-8 - -7) + (-1 - -5) + 2?
5
What is -4 - (-3 - (2 - 0 - -1))?
2
What is -1 - -7 - (2 + -1)?
5
What is 8 - (3 + (-9 - -6) - -5)?
3
What is (-8 - -8) + -3 + -1?
-4
Evaluate (2 + -7 - 3) + 6.
-2
Evaluate -3 - ((5 - 1) + -3 - 4).
0
What is (-4 - 1) + 12 + -2?
5
What is the value of (2 - 0) + (-16 - (2 - 20))?
4
2 + (3 - (3 + -4) - 2)
4
What is the value of 6 + 4 + -8 - (-1 - -3)?
0
What is 4 - (-3 - -10) - (1 + -8)?
4
Evaluate 2 - ((0 - 1) + -7 + 6).
4
What is 8 + (3 - 0 - 15)?
-4
-3 - (1 - 5 - (-3 - 0))
-2
Evaluate -2 + 5 + -4 - -2.
1
Calculate -2 - (-1 - 4) - (0 - 2).
5
Evaluate -1 - ((4 - 3) + 1).
-3
Evaluate -1 + 1 + -1 + 3.
2
0 + -6 + (-2 - (-2 + -1))
-5
What is the value of (-26 - -24) + 1 + (1 - 1)?
-1
1 + -4 - (-53 + 57) - -4
-3
Calculate 5 + -1 + -6 + 7.
5
What is the value of -5 + -8 + 7 + 11?
5
Evaluate -11 + 17 + 1 + -8.
-1
What is 2 - -1 - (-5 + (21 - 8))?
-5
What is 3 - (0 + 3 - -3)?
-3
-22 - -20 - (0 + 1)
-3
Evaluate (-4 - -10 - 4) + -5.
-3
2 + 2 + 4 - 7
1
Evaluate -6 + 3 + 10 + -7 + 1.
1
What is 4 + (-4 - 3) - 2?
-5
5 + -12 + (-1 - -8)
0
Evaluate -6 + (6 - (-3 + 14 + -6)).
-5
Calculate 1 + -6 - (-90 - -87).
-2
What is (-6 - -12) + (-9 - -1) + 7?
5
(-1 - 0 - 3) + -1
-5
What is the value of (100 - 91) + (-1 - 9)?
-1
What is -6 - (1 - (8 - 2))?
-1
Evaluate (5 - 3) + -5 + 10 + -4.
3
-3 + (3 - 4) - -4
0
(2 - 0 - -4) + (3 - 12)
-3
What is 1 + 10 - (74 + -69)?
6
Evaluate -9 + 5 + -3 + 2.
-5
Evaluate (-11 - -1) + (2 - 0) + 3.
-5
Calculate -7 + (-8 - -13) - 4.
-6
Calculate (-3 - (2 + -3)) + -2.
-4
Evaluate -1 - 1 - (13 - (-12 + 30)).
3
What is the value of -1 + (8 - (6 - -6))?
-5
(5 - 7 - -3) + 0
1
What is 7 + -3 - 4 - -5?
5
2 + -6 + 7 + -1
2
(6 - (-1 + 4)) + 3 - 10
-4
Calculate -3 + -4 + 8 + 0.
1
What is the value of 0 + 2 + -2 + -2 - -3?
1
What is the value of 2 - 1 - (6 + 2) - -2?
-5
What is (1 - 3) + 6 - (1 - 1)?
4
What is the value of -3 + -1 + -64 + 68?
0
What is -9 + 3 - (-5 + 9 - 5)?
-5
Evaluate -2 + (0 - (-4 + -1)).
3
What is the value of -9 - (0 + (-21 - -5))?
7
What is -2 - (-3 - (-5 + 3))?
-1
Calculate (-3 - (0 + -3)) + (6 - 3).
3
Evaluate 15 + -25 - (-4 - 2).
-4
Calculate -4 + 6 + 3 + -5.
0
What is -7 + (-6 - (-17 - -7))?
-3
What is the value of 8 + -4 + 4 - (2 + 0)?
6
What is the value of (3 - 0) + -1 + -8 + 2?
-4
Evaluate -23 + 36 + 2 + -6.
9
What is -5 + 2 - 0 - (-6 + 1)?
2
Evaluate -3 - (-3 + -3 + 4 + 1).
-2
1 - -1 - (-2 + -7 + 7)
4
(1 - -6) + (-33 - -21)
-5
Evaluate -13 + (12 - 6) - -7.
0
(0 - -4) + -6 - -4 - -8
10
What is 0 - (0 - 0 - (-5 - 0))?
-5
What is 9 + -10 + 2 + 4?
5
Calculate (-2 - 1) + -9 + 10 + 5.
3
Calculate (0 - -3 - 4) + 1 + 1.
1
Evaluate -2 + -5 - (8 + -5 - 13).
3
Calculate (-5 - (-2 + -1 - -6)) + 4.
-4
Evaluate -4 - -1 - (1 - 7).
3
What is the value of -7 + -1 + 5 + 6?
3
What is the value of (-2 - ((-2 - -3) + 1)) + -1?
-5
-4 + 6 + 1 + (-7 - -2)
-2
What is the value of 4 - ((4 - 1) + 0)?
1
Evaluate -29 + 30 - (0 - -2 - 7).
6
What is the value of 18 + -7 + -10 - (8 + -1)?
-6
Calculate 3 + -5 + -5 - -4 - -8.
5
What is 4 - -1 - ((6 - 3) + -2)?
4
1 - (12 + -6 - (-1 + 4))
-2
(0 - 1) + -1 - -12
10
(-1 - (-1 - 3)) + 3 + -1
5
What is (-2 - 3) + (8 - 2) - 4?
-3
What is the value of (-2 - 0) + (0 - 7) + 11?
2
Evaluate -25 + 23 - (0 + (0 - 8)).
6
Evaluate -3 + -9 - (-13 + 7).
-6
What is (3 - 8) + 4 + 2 + 0?
1
Calculate 5 + (-2 - 2) + (1 - 1).
1
Evaluate 2 - (1 + 1 - -5).
-5
Calculate -588 + 595 - (1 + 1 + 1).
4
What is the value of -2 + 1 + (38 - 41)?
-4
((0 - 6) + 9 - 1) + -3
-1
Evaluate 0 + (-3 - -6) + -1 + 2.
4
Calculate (-2 - -6) + (0 - 1) + -1.
2
Evaluate -2 + (1 - 2 - (-3 - -1)).
-1
What is the value of 7 + 4 + (-30 - -15)?
-4
What is -1 + 5 + (-11 - -8)?
1
-6 + 13 + -6 + -6
-5
Calculate -10 - (-19 + 10 - 5).
4
-11 - (-7 - (0 - 3))
-7
-2 + 5 + 0 + -2
1
What is (32 - 29) + -10 + -1?
-8
What is the value of (-3 - -1) + 3 + -7 - -10?
4
What is -2 - (1 - 1) - (52 - 55)?
1
Evaluate -52 + 70 - (13 + -2).
7
Evaluate 10 + (2 - 4) + 4 + -7.
5
What is 15 + -11 - (6 + 0)?
-2
Calculate (-4 - -3 - 1) + -3 + 2.
-3
Evaluate -1 + -2 + (1 + 9 - 4).
3
Evaluate -1 + (12 - 4) - 3.
4
Evaluate -2 + 7 - (-4 + 7).
2
-8 - -4 - -1 - 2
-5
Evaluate 4 + 0 - (12 + -8) - -2.
2
Evaluate (0 - 0) + -3 + 6.
3
-1 - -7 - (53 - 49)
2
Calculate 6 - (10 - (9 - 5)) - -3.
3
What is (5 - (-13 - -13)) + (0 - 7)?
-2
-14 - -15 - (1 - 5)
5
Calculate 7 + -9 - (3 + 0 - 9).
4
Evaluate -7 + (4 - (1 - (-4 + 4))).
-4
What is the value of 5 - (-1 - -5 - (-2 + 5))?
4
0 - (-2 + (5 - 3) - 4)
4
What is the value of 5 - -3 - 5 - -4 - -4?
11
Evaluate -2 - 2 - (-13 - 0).
9
Evaluate 5 + (4 - 1) + -12.
-4
(8 + -11 - -6) + -2 + -4
-3
What is -6 - 0 - -3 - -6?
3
Calculate 13 + 0 + (-14 - -5).
4
Evaluate -3 - (4 + 5 + -12).
0
What is the value of -1 + 2 - -1 - 0?
2
What is 0 + 5 + -2 + -11?
-8
What is 0 - 5 - 0 - 0?
-5
Calculate -6 + 2 + (0 - -2).
-2
Evaluate 1 + (0 - (-1 + (0 - 3))).
5
Calculate 13 + -5 - (-9 - -17 - -2).
-2
What is the value of -5 - (11 + -12) - -10?
6
What is (-10 + 5 - -10 - 13) + 4?
-4
Evaluate -4 - (-2 + (-2 - -3)).
-3
-5 + (14 + -6 - (5 + -1))
-1
Calculate 7 + 1 + 1 + -4.
5
-8 + -1 - (40 + -44)
-5
1 - -1 - (-2 + 20 + -23)
7
What is the value of 3 + -1 + 8 + -7?
3
What is (7 - ((-7 - -4) + 13)) + 2?
-1
